e remainder when 93 is divided by c(-5).
15
Suppose -3*w = -11 - 1. Let h(d) = -13*d + 7. Let p be h(w). Let k = p + 66. What is the remainder when k is divided by 12?
9
Let h(t) = 2*t**2 - 12*t + 66. Calculate the remainder when h(7) is divided by 3.
2
Let j = -26 - -23. Calculate the remainder when j + 7 - (-17 + -2) is divided by 12.
11
Suppose -2*t + 87 = -j, -t - 3*j + 159 = 3*t. Let n = -13 - -28. What is the remainder when t is divided by n?
12
Let t = 524 - -898. What is the remainder when t is divided by 89?
87
Suppose 0 = -5*d + 8*d + 75. Let t = d + 14. Let j = t - -22. Calculate the remainder when 19 is divided by j.
8
Suppose v = 0, a + 2*v = -a + 32. Calculate the remainder when 207 is divided by a.
15
Let y = -626 - -633. What is the remainder when 199 is divided by y?
3
Let o be ((-2)/(-2) + -20)/((-2)/(-4)). Let a = 53 + o. Calculate the remainder when a is divided by 4/(2/4*2).
3
Suppose 7*y - 13 = 8. Suppose u = 4*u. Suppose -3*k + u*k + 6 = 0. What is the remainder when y is divided by k?
1
Suppose 1 + 7 = 4*x. Let n be 4*-72*(-2)/x. What is the remainder when 54 is divided by n/21 + (-4)/(-14)?
12
Let y be ((-4 - -1) + 3)/(-2). Let p be 2*4/16*y. Suppose p*l - 42 = -3*l + j, 38 = 2*l - 4*j. Calculate the remainder when l is divided by 5.
3
Suppose 0 = -0*h + 2*h + 704. Calculate the remainder when 93 is divided by ((-18)/(-8))/((-33)/h).
21
Suppose 5*n + j + 0*j - 24 = 0, 0 = 4*n + j - 19. Suppose 2*p - a - 15 = 0, 4*p + 3*a - 12 = 3. What is the remainder when (15/p)/((6 + -2)/24) is divided by n?
0
Let f = 806 - 649. What is the remainder when f is divided by 32?
29
What is the remainder when 92 is divided by (-326)/(-16) - (354/48 - 7)?
12
Let f(s) = -s**2 - 41*s + 151. Calculate the remainder when 157 is divided by f(-44).
5
Let p = 18 - 8. Suppose f + p - 35 = -2*j, 4*j = -f + 51. Calculate the remainder when j is divided by 8.
5
Suppose 0 = -4*q - 4*t + 12, -2*t - 14 = -2*q - q. Suppose 2*u - 10 = 0, -g - u = q*u - 29. What is the remainder when 39/5 + 2 - 3/(-15) is divided by g?
2
Let h(n) = 14*n - 89. Suppose 2*z = 3*z - 18. Suppose 2*v + z = 152. What is the remainder when v is divided by h(8)?
21
Let u(k) = 3*k**2 + 2*k - 4. Let g be u(-6). Let t = -87 - -32. Let x = g + t. What is the remainder when x is divided by 19?
18
Let d(v) be the third derivative of v**4/12 - 8*v**3/3 + 12*v**2. Let w = 0 - -11. What is the remainder when w is divided by d(11)?
5
Let d(w) = -3*w**2 - 1726*w + 2*w**2 + 1716*w + 8. Let u(l) = 2*l - 2. Let c be u(-2). Calculate the remainder when d(c) is divided by 11.
10
What is the remainder when 43 is divided by (1 + 1)/(7/56 + 0)?
11
Suppose -241 = -4*w - 73. Suppose -27*r - w = -30*r. Calculate the remainder when 51 is divided by r.
9
Let v(s) = -19*s + 3. Let o be v(-3). Suppose 3*j - 8*j + o = 0. What is the remainder when (-2 + (-7)/(-5))/((-1)/35) is divided by j?
9
Let t(b) = -339*b. Let c be t(-2). Let i be (-6)/(-3) + (-1)/1 + 21. Calculate the remainder when c/i - (-14)/77 is divided by 17.
14
Suppose -5*n + 4*u - 944 = -3258, 0 = 5*n - u - 2311. What is the remainder when n is divided by 58?
56
Let n(f) = f**3 - 10*f**2 - 13*f + 15. Let r be n(11). Let c = r + 17. What is the remainder when 24 is divided by c?
4
Let g = -276 + 285. What is the remainder when g is divided by 5?
4
Suppose -99*k + 104*k - 290 = 0. Calculate the remainder when 205 is divided by k.
31
Suppose 0 = 61*a - 62*a + 18. Suppose -10*q + 4*q + 420 = 0. What is the remainder when q is divided by a?
16
Suppose -3*l + 649 = 10. Suppose -l = -3*c - 0*c. Suppose 0 = -2*x - 7 + c. What is the remainder when x is divided by 11?
10
Let x = 147 + -144. What is the remainder when x is divided by 3?
0
Suppose -11*p + 8*p = -6. Let h(d) = -d + 6. Calculate the remainder when h(3) is divided by p.
1
Suppose 2*a - a + 9 = -5*v, 3*v + 4 = -2*a. What is the remainder when 7 is divided by a?
0
Let l(d) = 6*d**2 + 117*d + 6. Calculate the remainder when 593 is divided by l(-20).
65
Suppose t + t = 4*r - 4, 0 = 5*t - 20. Suppose 5*m = a + 88, 5*a + 7 + 25 = m. Calculate the remainder when 3*1 + (r - -44) is divided by m.
16
Let a(z) = -107*z**3 - 2*z**2 - 3*z - 2. Let q be a(-1). Suppose 4*p - 2*r = 146, 3*p - q = 3*r + 2. Calculate the remainder when p is divided by 8.
5
Let s(v) = 7*v**2. Calculate the remainder when s(-4) is divided by ((-4)/6)/((-64)/2784).
25
Suppose 61 = 4*o - 2*o - w, 3*w = -2*o + 49. Let x = o - 11. Calculate the remainder when 50 is divided by x.
14
Let w = -52 - -84. Calculate the remainder when w is divided by 19.
13
Suppose 10*a - 5*a = 5*t + 615, -129 = t - 3*a. Calculate the remainder when (t/(-28))/((-2)/(-14)) is divided by 8.
6
Suppose 3*u = 4*a + 94, -5*u - a + 205 = 2*a. Let p = -45 - -48. Suppose 0 = -5*g, -2*g - 39 = -p*s - g. What is the remainder when u is divided by s?
12
Suppose -y + 0*y = -5*t - 31, 45 = 3*y - 3*t. What is the remainder when 19 is divided by y?
8
Let y = -2737 - -2854. Calculate the remainder when y is divided by 40.
37
What is the remainder when (264/(-40))/(24/(-1040)) is divided by 51?
31
Suppose -2*k - 1 - 9 = 0. Let b = 11 + k. What is the remainder when 17 is divided by b?
5
Suppose 0 = 3*s - 15 - 3. Let i be (-2)/(-7) + 427/49. Suppose g = -0*g + i. Calculate the remainder when g is divided by s.
3
Suppose 4*v + b - 4 = 0, 5*v + 9*b - 4*b + 10 = 0. Let d(t) = -4*t - t + t**v + 0*t + 1. What is the remainder when 28 is divided by d(7)?
13
Let r(x) = 2*x. Let v be r(1). Let l = v + 0. Suppose 0 = -l*d + d + 2*w + 10, 2*d - w = 17. What is the remainder when d is divided by 5?
3
What is the remainder when 412 is divided by (-101)/(-8) - (-162)/432?
9
Let h be (-14)/49 + (-1605)/(-7). Suppose 390 = -5*l + 2*l. Let x = h + l. What is the remainder when x is divided by 34?
31
Let s = 9 - -9. Suppose -3*u - 4*z + 28 = -2*z, 0 = z + 4. What is the remainder when (-6)/s - (-266)/6 is divided by u?
8
Suppose 3*r - 24 = -6. Let d(n) = -n**3 + 5*n**2 + 10*n - 7. What is the remainder when (1/11)/((-141)/(-103917)) is divided by d(r)?
16
Let x(k) = -2*k**3 - 3*k**2 - 5. Let r = -23 + 19. Let y be x(r). Suppose -z = 4*z - y. Calculate the remainder when z is divided by 9.
6
Suppose 0 = -4*u + 3*o + 13, 3*u + 0*u + 4*o = 41. Suppose 6*s - 5*k - 29 = 4*s, 4*k = 4. What is the remainder when s is divided by u?
3
Suppose 156 = -78*v + 84*v. What is the remainder when 155 is divided by v?
25
Let a = -8 + 11. Suppose 2*s - 37 = 4*r + 131, 242 = a*s - r. Suppose u - 5*u + s = 0. What is the remainder when u is divided by 6?
2
Let h(c) = -c**2 + 1. Let z(v) = -v**3 + 5*v**2 + 14*v + 27. Let g(p) = 5*h(p) - z(p). Calculate the remainder when g(12) is divided by 25.
23
Suppose 5*b + 3*d - 5 = 0, b + 7 = -3*d - 4. Let z = 9 - b. Let t(m) = m**3 + 7*m**2 + 77*m + 432. What is the remainder when t(-6) is divided by z?
1
Let c = 2695 + -1749. Calculate the remainder when c is divided by 25.
21
Let w(o) = 10*o**2 - o**3 + o**2 + 5*o - 20*o**2. Let n be (0 + -2)*(-10)/(-2). What is the remainder when w(n) is divided by 17?
16
Suppose 0 = 3*q + t - 96, -q + 32 = 4*t - 3*t. Let u = -5699 + 5826. What is the remainder when u is divided by q?
31
Suppose 5*m + 5*q - 140 = 0, -18*q - 164 = -5*m - 17*q. Calculate the remainder when 1503 is divided by m.
31
Suppose 0*b + 4*b - 8 = 0. Let t be 2/(-1) + b - -4. Suppose 0 = -t*x + 4 + 36. Calculate the remainder when 38 is divided by x.
8
Let j(a) = -6*a + 1. Let q(f) = 5*f - 1. Let l(v) = -4*j(v) - 5*q(v). Let w be l(6). What is the remainder when 47/(-4)*(-13 - w) is divided by 24?
22
Suppose 23*j = 2*j + 819. Suppose -41 = -5*i + 64. Calculate the remainder when j is divided by i.
18
Suppose -7*f + 394 = 128. What is the remainder when f is divided by 5?
3
Let a(w) = -w**3 - w**2 + 12*w - 7. Let n(y) = -y + 5. Let r be n(11). What is the remainder when a(r) is divided by 17?
16
Let a(i) = -49*i - 5. Let h(c) = 49*c + 4. Let g(r) = 5*a(r) + 6*h(r). Calculate the remainder when g(2) is divided by 14.
13
Suppose 0 = -39*t - 15*t + 6858. Calculate the remainder when t is divided by 61.
5
Suppose -69*t + 1848 = -63*t. Calculate the remainder when t is divided by 62.
60
Let b(x) = 2*x - 2. Let c be b(-4). Let a(z) = -z**3 + 1 - 118*z**2 + 107*z**